 common divisor of k and 44?
22
Suppose 5*r = 2*k - 35 - 11, 2*k - 3*r - 42 = 0. Suppose 3*n + 15 = 48. Let q = 7 + n. Calculate the greatest common divisor of k and q.
18
Let z = -54 - -2. Let l = 108 + z. Let c = -2 + 9. Calculate the greatest common factor of l and c.
7
Suppose 0 = 5*c + 2*z, c - 3*c - 11 = 3*z. Let y = c - -3. Calculate the greatest common factor of 20 and y.
5
Let o = 12 + 21. Let n(g) = -g**3 + 2*g**2 - g + 1. Let u be n(2). Let p = 2 - u. Calculate the highest common divisor of o and p.
3
Let o = 120 + -111. What is the highest common divisor of o and 3?
3
Suppose 0 = x - 3*z - 104 + 19, 5*z = -x + 117. Suppose 2*a - 41 = -2*g + 3*a, -4*g + x = a. What is the highest common factor of 23 and g?
23
Let g be 18/8*(2 + 18). Suppose -123 - g = -4*o. What is the greatest common factor of o and 14?
14
Suppose 0 = 2*j - 60 - 20. Let w be (-49)/(-3) + (-1)/3. Calculate the greatest common divisor of w and j.
8
Let s be 1*-5*(-4)/(-10). Let h be (s - -4) + 0/2. Suppose 3*x - h - 1 = 0. Calculate the greatest common divisor of 4 and x.
1
Let v = 23 + -21. Suppose -57 = -v*k + k. What is the highest common factor of 19 and k?
19
Let b be 2 - 3 - 1 - 0. Let i be ((-8)/b)/(4/18). Calculate the highest common divisor of 36 and i.
18
Let d = 558 + -142. Calculate the greatest common divisor of d and 52.
52
Let v(i) = 12*i - 3. Let c be (6/2)/(6/8). Let p be v(c). What is the greatest common divisor of 5 and p?
5
Let j(g) = 29*g**3 + g**2 - g + 1. Let r be j(1). Let s = r + -14. Calculate the greatest common divisor of 32 and s.
16
Let v(q) = -3*q + 4. Let s be v(-3). What is the highest common divisor of s and 13?
13
Suppose 2*m - 38 = 38. Let l = 23 - 49. Let b = m + l. What is the greatest common divisor of 18 and b?
6
Let b(l) = -l**3 + 3*l**2 - 1. Let s be b(2). Calculate the greatest common divisor of s and 33.
3
Let b(u) = -5 + 3*u - 8*u - 4. Let w be b(-6). Let z be 1*32/2 - 2. Calculate the greatest common factor of z and w.
7
Let v = 4 - -26. What is the greatest common divisor of v and 20?
10
Let c = -149 - -180. What is the greatest common divisor of 279 and c?
31
Suppose 0 = -4*l + n + 4*n + 215, 5*n - 115 = -2*l. Let o(g) = -2*g + 1. Let p be o(-2). Suppose p = v - 0*v. What is the greatest common factor of l and v?
5
Let w be 18/4*(-60)/(-9). Let v = -122 - -71. Let g = v - -71. Calculate the highest common divisor of w and g.
10
Suppose 5*y + 75 = 3*h, 3*y = -2*h + 6*h - 56. Suppose 40 = 3*n - 20. Let m = y + n. What is the greatest common divisor of 64 and m?
8
Let j be (-16)/((-2)/(-10)*-2). Calculate the highest common factor of 20 and j.
20
Let y be ((-2)/2 - 0)*-18. Let d = 3 - -12. Suppose 18 = -13*n + d*n. Calculate the highest common factor of n and y.
9
Suppose -i + 5*i = 2*d - 18, i = 0. What is the highest common divisor of d and 99?
9
Let a be (-107 - 1)/(-16 + 15). What is the greatest common divisor of a and 12?
12
Suppose 2*r - 9 - 29 = 0. What is the greatest common divisor of r and 57?
19
Suppose 0 = -5*i - 7 - 3. Let h = 4 + i. What is the highest common factor of h and 1?
1
Let s(u) = 3*u**2 + 10*u - 33. Let y be s(4). Calculate the greatest common divisor of y and 22.
11
Let z(q) = 3 + 1 + 2*q**2 + 1 - 4*q - 1. Let t be z(4). Calculate the highest common divisor of t and 10.
10
Let k(r) = 5*r - 13. Let l be k(5). Let b(q) = q + 2. Let j be b(4). Calculate the greatest common divisor of l and j.
6
Let p = 27 - -18. Calculate the highest common divisor of p and 18.
9
Let a = -16 + 26. Let h be 17 + (2 + -8)/3. What is the greatest common factor of h and a?
5
Suppose o - 43 = 2*u, u + 17 = -0*u - 4*o. Let w = u + 63. What is the greatest common factor of w and 63?
21
Let v be (-5)/(-5) + -4 + 1 + 11. Suppose 3*k = h - 17, 0 = 5*h + 3*k + 2*k + 15. Suppose -2*u + 360 = h*u. Calculate the greatest common factor of u and v.
9
Let w = 3 - -7. What is the greatest common factor of w and 4?
2
Suppose 2*b - 12 + 2 = 0. Let r be 4 - 5/(b/(-28)). Calculate the greatest common factor of r and 4.
4
Let m = -6 + 14. Let n = 12 - m. Calculate the highest common divisor of 28 and n.
4
Suppose -4*s = 4*f - 80, -4*s = -4*f - 48 - 56. Calculate the greatest common factor of s and 92.
23
Suppose -4*t + 9*t - 405 = 0. Calculate the greatest common divisor of t and 27.
27
Suppose 0 = -0*i + i - 23. What is the greatest common factor of 207 and i?
23
Let p be 1302/30 + (-4)/10. What is the greatest common factor of p and 43?
43
Suppose 5*j = -y - 9, 0 = -3*y + 5*y + 5*j - 2. What is the highest common factor of 121 and y?
11
Suppose -5*g = -72 + 27. What is the greatest common factor of 1 and g?
1
Suppose -3*s = -9, -2*s = -4*u - 0*s - 498. Let i = u - -178. Let r = 23 + -1. Calculate the greatest common divisor of i and r.
11
Suppose 3*q + 26 = -x - 0*q, -3*q = -3. Let k = x + 41. Let p(a) = a**3 + 2*a**2 - 6*a - 6. Let s be p(-3). What is the greatest common factor of k and s?
3
Let o(s) = 20*s - 4. Suppose -7*k + 4*l = -2*k - 10, -k - 2*l = -2. Let c be o(k). What is the highest common factor of c and 24?
12
Suppose -2*n + 182 = i, 9*i = -4*n + 4*i + 370. Let z = -13 + 23. What is the highest common factor of n and z?
10
Let z = 32 + -17. What is the highest common factor of z and 165?
15
Suppose -3*w = -24 + 6. Calculate the greatest common divisor of 18 and w.
6
Let b = -7 - -9. Suppose g - b*g + 2 = 0. Suppose 0 = -3*w + g*w + 99. Calculate the greatest common factor of w and 11.
11
Let u(d) = d**3 - 6*d**2 - 3*d - 1. Suppose -2*m + 7 = -m. Let g be u(m). Let i = 38 - g. Calculate the greatest common divisor of i and 33.
11
Let d(q) = -2 + 0*q + 5*q - 2*q. Let v be d(8). What is the greatest common factor of v and 2?
2
Suppose 5*v - 3*s + 28 - 10 = 0, 4 = -2*v - 2*s. Let y = v - -10. Calculate the greatest common factor of 35 and y.
7
Let m(a) = -a + 8. Let g be m(-4). Calculate the greatest common factor of 4 and g.
4
Suppose 2 = 5*y - 3. What is the highest common divisor of y and 9?
1
Let f(x) = -x**3 + 14*x**2 + 20. Let t be f(14). Let c be -2 - (0 - 2) - -20. Calculate the greatest common divisor of c and t.
20
Suppose 0 = n - 8. What is the greatest common divisor of n and 2?
2
Let u(g) = 3*g + 2. Let v(d) = -2*d. Let a be v(-4). Let n be u(a). What is the highest common factor of 208 and n?
26
Let i(u) = u + 4. Let p be i(0). Let g(y) = y**2 - 3*y + 2. Let l be g(p). What is the greatest common factor of l and 54?
6
Let g = -30 - -54. What is the highest common factor of g and 168?
24
Let m(s) = -11*s + 7. Let x be m(-11). Calculate the highest common divisor of x and 16.
16
Let z = -82 - -89. Calculate the greatest common divisor of 7 and z.
7
Let g(l) = l**3 - 5*l**2 + 6. Let n be g(5). Calculate the highest common divisor of 15 and n.
3
Suppose 0 = 8*r - 9*r + 40. Calculate the highest common factor of 60 and r.
20
Suppose 2*p + 5*x - 26 = 0, 3*x + 28 = 4*p + x. Let d be 2/(-4) + 52/p. Calculate the highest common factor of 9 and d.
3
Let w = -40 + 57. Let c = -11 + w. Let v = 84 - 42. Calculate the greatest common divisor of c and v.
6
Suppose 3*c - 2*s = 21, 0 = -0*s - 3*s. Let p(o) = o**3 - 8*o**2 + 8*o - 5. Let d be p(c). Suppose -k - 1 = -d*k. What is the greatest common factor of 1 and k?
1
Suppose -5*o + 0*o = 0. Suppose -1 + 0 = h + 4*s, o = 5*h + s - 14. Let p be 7 + 1 + -1 + 2. Calculate the highest common factor of h and p.
3
Let f = -25 - -29. Let k(w) = -w**3 + 4*w**2 + 2*w - 3. Let b = -3 - -6. Let v be k(b). Calculate the greatest common factor of v and f.
4
Let j(q) = -16*q**3 - q**2 + 2*q + 2. Let i be j(-1). Calculate the greatest common divisor of i and 45.
15
Let i(a) = -a**2 - 18*a - 2. Let r be i(-17). Calculate the greatest common factor of 30 and r.
15
Let x(l) = -3*l + 13. Let o(y) = -y. Let w(p) = 6*o(p) - x(p). Let b be w(-10). What is the highest common factor of b and 136?
17
Let x be ((-1)/(-2))/(1/(-4)). Let f be ((-2)/3)/(x/(-3)). Let t be 0/f + (-63)/(-1). Calculate the greatest common factor of t and 9.
9
Suppose -7*u = -3*u. Suppose -4*i + 0*i + 4 = u. What is the highest common factor of i and 3?
1
Let d = -13 - -16. Suppose 3*n - 5*i - 350 = 0, 3*n + n - d*i - 452 = 0. Calculate the highest common divisor of 22 and n.
22
Let k = 11 + 4. What is the greatest common fac